63903 prime?
False
Is 6001503721 composite?
True
Is 309843941 a composite number?
True
Is 662867651 prime?
True
Is 604934909 a composite number?
True
Is 65844008627 a prime number?
True
Is 751217531 prime?
False
Is 486844003 prime?
False
Is 940338979 composite?
True
Is 10506166043 a prime number?
False
Is 1346535383 prime?
False
Is 126998777 a composite number?
False
Is 200535977 a composite number?
False
Is 15063616907 a composite number?
True
Is 5388899171 a composite number?
False
Is 91181281619 a composite number?
True
Is 6554035907 composite?
False
Is 2081726081 a composite number?
True
Is 296629581019 a prime number?
True
Is 29507452981 prime?
False
Is 20367326363 a prime number?
False
Is 1295943109 prime?
False
Is 383092027 a composite number?
False
Is 36841003 a prime number?
True
Is 74651917 composite?
True
Is 7538785369 a prime number?
True
Is 7865698037 composite?
True
Is 776387119 composite?
False
Is 2994188023 a prime number?
True
Is 286052093 prime?
True
Is 1439495969 a composite number?
False
Is 30344108761 composite?
False
Is 31809020503 a prime number?
False
Is 3406976717 prime?
False
Is 88564693 prime?
False
Is 12967051727 prime?
False
Is 9403658717 composite?
False
Is 41443052177 composite?
True
Is 356110319 a composite number?
False
Is 352301917 a prime number?
False
Is 918366089 a prime number?
True
Is 170289608329 composite?
False
Is 5583301 a prime number?
False
Is 6630018587 composite?
True
Is 1478302097 a prime number?
True
Is 258729217 a prime number?
True
Is 70500478679 prime?
True
Is 11287636333 a prime number?
True
Is 3561200977 prime?
False
Is 1558779917 a composite number?
False
Is 882036559 composite?
False
Is 52991081873 a prime number?
False
Is 7454401957 prime?
True
Is 216776069 a prime number?
False
Is 10999116979 composite?
False
Is 76333570003 a composite number?
False
Is 785958991 composite?
False
Is 629181647 composite?
False
Is 7594615841 a prime number?
True
Is 9738274841 a prime number?
False
Is 931447931 a composite number?
False
Is 566775367 composite?
False
Is 11275111 a composite number?
False
Is 10239976623 a composite number?
True
Is 1921728287 a prime number?
False
Is 24878101322 composite?
True
Is 15255531355 prime?
False
Is 3150365173 prime?
False
Is 5230230307 a composite number?
True
Is 62597374013 a composite number?
False
Is 52882744531 composite?
True
Is 2346662909 a prime number?
False
Is 4550957777 prime?
True
Is 318518173 prime?
True
Is 70100393477 a prime number?
False
Is 5339906731 a prime number?
False
Is 39384335303 a composite number?
True
Is 258344269 a prime number?
True
Is 152789776999 composite?
False
Is 9741359813 prime?
False
Is 16719392839 composite?
True
Is 1185117673 composite?
False
Is 10248841399 a composite number?
False
Is 2628575293 a composite number?
True
Is 82484085947 prime?
True
Is 36117077665 a composite number?
True
Is 2405981369 prime?
False
Is 95139353 prime?
False
Is 49548461381 prime?
True
Is 471136891 composite?
False
Is 13221646409 composite?
True
Is 315150151 prime?
False
Is 2280116579 a prime number?
False
Is 1099409909 prime?
False
Is 3833123339 a composite number?
False
Is 89070109771 a prime number?
True
Is 10054287587 composite?
True
Is 78296559977 a composite number?
False
Is 7728283579 composite?
False
Is 10951371727 a prime number?
True
Is 189230473 a prime number?
True
Is 14269102363 composite?
False
Is 2677471311 composite?
True
Is 4535165749 prime?
True
Is 54656324033 a prime number?
True
Is 3099944006 a composite number?
True
Is 14988217207 a composite number?
False
Is 2756133841 a prime number?
True
Is 2397415681 a composite number?
False
Is 808101031 prime?
False
Is 550617689 composite?
True
Is 19806921011 a composite number?
True
Is 58190353 prime?
False
Is 45330355423 prime?
False
Is 347761914881 a composite number?
False
Is 2549346739 prime?
True
Is 29109888371 a prime number?
True
Is 287954401087 prime?
False
Is 4228891445 composite?
True
Is 34783123 a composite number?
False
Is 1755753073 prime?
True
Is 13809831821 a prime number?
True
Is 55652602407 a composite number?
True
Is 4581281953 prime?
True
Is 35745943 composite?
True
Is 42763949077 prime?
True
Is 10270236997 a prime number?
True
Is 1694734183 a prime number?
False
Is 164805685877 composite?
True
Is 3726104939 a composite number?
True
Is 2875455389 a composite number?
False
Is 18176531543 composite?
False
Is 1794826903 composite?
True
Is 5269871587 prime?
True
Is 2314424759 a composite number?
True
Is 152082817313 a composite number?
True
Is 55989837517 a composite number?
False
Is 202938247 composite?
False
Is 1214074087 composite?
True
Is 16802150459 composite?
False
Is 35474113511 prime?
True
Is 2863060085 a composite number?
True
Is 86005587881 a composite number?
True
Is 264539083 composite?
False
Is 44615519 a composite number?
True
Is 31694066221 composite?
False
Is 12123395309 composite?
True
Is 722758787 prime?
False
Is 10500144559 composite?
False
Is 17781190387 composite?
True
Is 1627118533 a prime number?
False
Is 212179607 composite?
False
Is 246252169 composite?
True
Is 16370432879 composite?
False
Is 43866887 prime?
True
Is 84075391 composite?
False
Is 12929007383 a composite number?
False
Is 504522101 composite?
True
Is 3101202847 composite?
False
Is 358799479 a prime number?
False
Is 3233870033 a prime number?
False
Is 620137969 prime?
False
Is 43290495499 composite?
False
Is 3852126227 a composite number?
True
Is 16262260015 a composite number?
True
Is 108724817819 prime?
True
Is 51658383171 prime?
False
Is 16507418149 a prime number?
False
Is 1774359877 a composite number?
True
Is 93042023561 prime?
True
Is 25741526371 composite?
True
Is 10853805733 a composite number?
False
Is 2416763651 composite?
False
Is 443032487 prime?
False
Is 1480542037 composite?
True
Is 963663839 a composite number?
False
Is 5791998749 prime?
True
Is 185934289 composite?
False
Is 36971391 composite?
True
Is 715842827 prime?
False
Is 8626079461 a composite number?
False
Is 64883419633 a prime number?
True
Is 1478582921 prime?
True
Is 4943731 a prime number?
False
Is 8146598821 composite?
True
Is 26882290849 composite?
False
Is 2284892527 composite?
True
Is 19176241133 a composite number?
True
Is 2827407179 a prime number?
True
Is 1430527289 prime?
False
Is 2099064971 composite?
False
Is 80934991355 a prime number?
False
Is 1419308939 a composite number?
False
Is 239515621 composite?
True
Is 1656776297 composite?
True
Is 26015780207 prime?
True
Is 481364386 prime?
False
Is 706204393 a prime number?
False
Is 69815569661 a composite number?
False
Is 15234411769 composite?
True
Is 6202221811 a composite number?
False
Is 3699966251 composite?
False
Is 26720437301 a prime number?
False
Is 3708797 a prime number?
True
Is 10325677981 prime?
False
Is 33351369343 a prime number?
False
Is 415364867 a composite number?
False
Is 97753025483 a composite number?
True
Is 14785476401 a prime number?
True
Is 13902669587 a composite number?
True
Is 3382078597 a prime number?
True
Is 331576079 composite?
False
Is 9209648381 prime?
True
Is 27534847831 a composite number?
True
Is 2965316973 composite?
True
Is 493419151 a composite number?
True
Is 832250347 prime?
True
Is 3433885313 composite?
False
Is 932898541 a prime number?
False
Is 1671861014 a composite number?
True
Is 2340760353 prime?
False
Is 30658808471 composite?
False
Is 3828263533 a prime number?
False
Is 9253549814 a composite number?
True
Is 5817463489 a composite number?
False
Is 4621826051 prime?
True
Is 3158234983 composite?
True
Is 10120300981 composite?
True
Is 2746688323 prime?
True
Is 10956012289 composite?
True
Is 52286483 composite?
False
Is 42032303 a composite number?
True
Is 18087566369 prime?
True
Is 1053192713 prime?
True
Is 22984237879 composite?
True
Is 30881027141 composite?
True
Is 22367071531 a prime number?
False
Is 5039476727 composite?
False
Is 649924351 composite?
True
Is 537445813 prime?
False
Is 202672927 a prime number?
False
Is 8315964533 a prime number?
True
Is 27205221067 composite?
True
Is 75760097 a prime number?
False
Is 50468887247 a composite number?
False
Is 1318232543 a composite number?
False
Is 33044303 prime?
True
Is 519266503 a composite number?
True
Is 9030819317 a composite number?
True
Is 4